nd 21.
7
What is the highest common divisor of 176 and 174368?
16
Calculate the greatest common divisor of 70983 and 132.
33
What is the highest common factor of 15075 and 7200?
225
Calculate the highest common divisor of 23545 and 277.
277
What is the highest common factor of 19627 and 361?
19
What is the highest common divisor of 5555 and 548935?
505
Calculate the highest common factor of 570 and 1830.
30
Calculate the greatest common factor of 131 and 254795.
131
Calculate the greatest common divisor of 2453085 and 6561.
729
What is the greatest common factor of 2139 and 87?
3
What is the highest common divisor of 32440 and 15?
5
Calculate the greatest common divisor of 179218 and 4.
2
Calculate the highest common divisor of 390 and 3420.
30
What is the greatest common divisor of 1045 and 445018?
19
What is the highest common divisor of 110 and 30767?
11
What is the highest common divisor of 432 and 11884?
4
What is the greatest common factor of 2197 and 1313?
13
Calculate the highest common factor of 52 and 16828.
4
Calculate the greatest common factor of 129876 and 1233.
411
What is the highest common divisor of 8827 and 1001?
91
What is the highest common divisor of 28273 and 784?
49
Calculate the greatest common divisor of 1038843 and 507.
507
Calculate the greatest common factor of 1758 and 2305617.
879
Calculate the greatest common factor of 66 and 620994.
66
Calculate the greatest common divisor of 2977 and 650.
13
Calculate the highest common divisor of 375 and 4429875.
375
What is the greatest common divisor of 1769 and 55448?
29
Calculate the greatest common divisor of 872 and 349781.
109
What is the highest common divisor of 54 and 45918?
18
Calculate the highest common divisor of 168 and 819.
21
Calculate the highest common divisor of 151540 and 90.
10
Calculate the greatest common divisor of 1300 and 30680.
260
What is the highest common factor of 69 and 3093?
3
Calculate the highest common factor of 309570 and 1020.
510
What is the greatest common factor of 342 and 13984?
38
What is the highest common divisor of 7505 and 553?
79
Calculate the greatest common factor of 969883 and 237.
79
What is the highest common divisor of 63340 and 280?
20
Calculate the highest common factor of 46 and 23414.
46
Calculate the highest common factor of 43359 and 2910.
291
Calculate the greatest common factor of 46240 and 30.
10
What is the highest common factor of 211004 and 159732?
1972
Calculate the highest common divisor of 5904 and 29196.
36
Calculate the greatest common divisor of 45555 and 180.
15
Calculate the greatest common divisor of 2178 and 157212.
198
What is the greatest common factor of 644 and 17572?
92
What is the greatest common divisor of 17486 and 42?
14
What is the greatest common divisor of 315 and 1725255?
315
What is the greatest common divisor of 49665 and 1617?
231
What is the greatest common factor of 7626 and 3348?
186
What is the highest common divisor of 552 and 42828?
12
What is the greatest common factor of 39 and 680277?
39
Calculate the highest common factor of 16 and 188832.
16
What is the greatest common factor of 4746421 and 71?
71
Calculate the greatest common factor of 9453375 and 750.
375
What is the greatest common divisor of 395 and 1264?
79
What is the highest common divisor of 14077 and 504?
7
Calculate the greatest common factor of 53694 and 24.
6
Calculate the highest common divisor of 364620 and 12.
12
What is the highest common factor of 7339 and 1066?
41
Calculate the highest common divisor of 518629 and 262.
131
What is the greatest common divisor of 40521 and 312?
39
Calculate the greatest common factor of 911944 and 774.
86
Calculate the highest common factor of 149175 and 408.
51
Calculate the greatest common divisor of 2308691 and 308.
77
Calculate the highest common divisor of 367540 and 799.
799
Calculate the greatest common divisor of 8288 and 444.
148
What is the highest common divisor of 14832 and 1683?
9
Calculate the highest common factor of 151752 and 72.
24
What is the highest common divisor of 801 and 243?
9
What is the greatest common factor of 328 and 103484?
164
What is the greatest common factor of 222 and 34262?
74
What is the highest common factor of 3442 and 504253?
1721
Calculate the greatest common factor of 328 and 2692552.
328
Calculate the greatest common factor of 938120 and 376.
376
What is the greatest common factor of 2231936 and 265?
53
What is the highest common divisor of 30 and 56850?
30
Calculate the highest common divisor of 22540 and 184.
92
What is the greatest common divisor of 88 and 326029?
11
Calculate the greatest common factor of 6165 and 3635.
5
What is the highest common divisor of 13653 and 207?
9
Calculate the greatest common factor of 400 and 1024.
16
What is the greatest common divisor of 76 and 84417?
19
What is the greatest common factor of 840 and 120?
120
What is the highest common divisor of 396959 and 167?
167
Calculate the highest common factor of 33010 and 80.
10
Calculate the highest common factor of 55 and 74330.
5
What is the highest common divisor of 34428 and 171?
57
Calculate the highest common divisor of 902 and 118613.
451
What is the greatest common divisor of 284 and 9796?
4
Calculate the greatest common factor of 2 and 940.
2
What is the greatest common factor of 1648 and 502022?
206
Calculate the highest common divisor of 2266 and 550.
22
Calculate the greatest common divisor of 26432 and 13888.
448
Calculate the highest common factor of 3840 and 7170.
30
What is the highest common factor of 6414610 and 340?
170
Calculate the highest common divisor of 594 and 9570.
66
What is the highest common divisor of 882 and 19306?
98
What is the greatest common divisor of 948 and 316?
316
Calculate the highest common divisor of 980 and 540.
20
What is the highest common divisor of 98904 and 312?
312
Calculate the highest common factor of 132 and 64251.
33
What is the highest common factor of 32 and 5964384?
32
What is the greatest common factor of 112751 and 2192?
137
What is the greatest common divisor of 1085877 and 468?
117
What is the greatest common divisor of 1 and 89413?
1
What is the greatest common divisor of 56 and 37702?
14
What is the greatest common factor of 8154 and 11174?
302
Calculate the greatest common factor of 644 and 5411.
7
Calculate the greatest common factor of 488852 and 7956.
884
What is the greatest common divisor of 1273 and 21695739?
1273
What is the highest common divisor of 10370 and 6832?
122
What is the highest common factor of 3366 and 10560?
66
Calculate the highest common divisor of 912695 and 1246.
623
Calculate the highest common factor of 19165 and 10.
5
What is the highest common factor of 3003 and 34716?
33
What is the highest common divisor of 1 and 6203?
1
Calculate the greatest common factor of 233691 and 183.
183
What is the greatest common factor of 489 and 3975733?
163
What is the highest common divisor of 198 and 333?
9
What is the highest common factor of 36936 and 1672?
152
Calculate the highest common factor of 320 and 1466560.
320
What is the highest common factor of 360 and 8390?
10
Calculate the highest common divisor of 25468 and 36.
4
What is the highest common factor of 44433 and 81?
9
What is the greatest common factor of 10515 and 19628?
701
What is the greatest common factor of 5983 and 775?
31
What is the highest common divisor of 769503 and 399?
21
Calculate the highest common divisor of 36 and 99780.
12
Calculate the highest common factor of 4381 and 663.
13
What is the highest common divisor of 606 and 6242406?
606
Calculate the highest common factor of 840021 and 63.
21
What is the highest common divisor of 1760 and 51260?
220
Calculate the highest common divisor of 10578 and 1634.
86
Calculate the greatest common divisor of 40 and 5455.
5
Calculate the greatest common factor of 116 and 4902914.
58
What is the highest common factor of 777952 and 46?
46
Calculate the highest common factor of 46330 and 369.
41
What is the greatest common divisor of 2163 and 388104?
309
What is the highest common factor of 185 and 154915?
5
Calculate the greatest common factor of 612 and 15084.
36
What is the greatest common factor of 2598 and 749523?
1299
What is the greatest common fac